divided by d(b)?
10
Let f = -41 + 64. Suppose -5*t = -3*r + f, 3*r + 3*t = -r + 50. Let d = 24 + r. What is the remainder when d is divided by 12?
11
What is the remainder when -138*1*3/(-9) is divided by 16?
14
Suppose -2*r - g = 4 - 35, -4*r - 5*g + 71 = 0. Calculate the remainder when 40 is divided by r.
12
Suppose 9 = x + 7. What is the remainder when 4 is divided by x?
0
Suppose 3*l = -5*c + 47, -2*l - c - c = -34. What is the remainder when 34 is divided by l?
15
Suppose 13 = 5*c + 2*g - 25, 3*c - 5*g - 29 = 0. Let u(k) = k - 5. Let y be u(5). Let j = y + c. What is the remainder when 14 is divided by j?
6
Let y be 2 + 1/1 + -2. Let f be 1/y - (-88 + 3). Suppose 0*h = -2*h + f. What is the remainder when h is divided by 15?
13
Let d(x) = x**3 - 4*x**2 - 3*x - 7. Let y be d(5). Suppose 0 = -5*h - 0*h + 10, -y*h - 2 = -4*k. Calculate the remainder when k is divided by 2.
0
Let g(s) = 19*s + 4. What is the remainder when 66 is divided by g(1)?
20
Let t(w) be the first derivative of -w**4/4 - 7*w**3/3 - w**2/2 + 3*w + 2. Calculate the remainder when 17 is divided by t(-7).
7
Let s = -276 - -299. What is the remainder when s is divided by -6*1*(2 + -4)?
11
Let j(n) = 4*n - 12. Calculate the remainder when j(8) is divided by 11.
9
What is the remainder when ((-7)/21)/((-1 - 0)/219) is divided by 19?
16
Suppose l + 4*l = 35. Calculate the remainder when 329/l*(-1 - -2) is divided by 12.
11
Suppose -5*r - 40 = -2*a + 13, 4*r - 3*a = -48. Let i be 51 + (-3)/r*3. Suppose z + z = i. What is the remainder when z is divided by 9?
8
Let s be -1 + -1 + (-124)/(-2). Suppose 2*y + 78 = 4*p, -2*y - s + 1 = -3*p. Calculate the remainder when 74 is divided by p.
17
Suppose 3*d - l + 8 = 35, 4*l + 4 = -d. Suppose 0 = 3*u + 25 - 94. What is the remainder when u is divided by d?
7
Suppose f + 3*f - 40 = 0. Let x = -42 + 48. Calculate the remainder when f is divided by x.
4
Suppose -m = -2 - 2. Let l(p) = 5*p**3 - 4*p**3 - 6*p**2 + 3 + p**2. Calculate the remainder when m is divided by l(5).
1
Let i(t) = t**2 + 6*t + 4. What is the remainder when 10 is divided by i(-6)?
2
Let q = 7 - -77. Suppose 3*g + g = q. What is the remainder when 39 is divided by g?
18
Suppose 37 = -3*j - 47. Let t = 40 + j. Calculate the remainder when 22 is divided by t.
10
Let b = 67 - 47. Calculate the remainder when b is divided by 6.
2
Let f = 69 - 49. Suppose -3*g + 24 = -0*g + 3*i, -f = -2*g - 4*i. Calculate the remainder when 16 is divided by g.
4
Let t(j) = j**3 - 2*j**2 - j + 4. Suppose -7*w + 112 = -3*w. What is the remainder when w is divided by t(3)?
8
Suppose -5*m - 1 = -g - 12, -3 = -m. Suppose 5*o = -u + g*u + 28, o = -u + 4. Calculate the remainder when 18 is divided by 12/2 - o/5.
3
Suppose -6*p + 22 = -8*p. Let x(v) = v + 20. What is the remainder when 16 is divided by x(p)?
7
Let h(k) = -k**3 - 2*k**2. Let n be h(-2). Suppose -3*z + 2*z = n. Let v(p) = p**2 + p + 19. Calculate the remainder when v(z) is divided by 10.
9
Suppose 15 - 91 = -4*v. Calculate the remainder when 75 is divided by v.
18
Suppose -4*c + 0*s + 63 = -5*s, 0 = c + 3*s - 37. What is the remainder when c is divided by (16/6)/((-4)/(-18))?
10
Let v(k) = 9*k - 23. What is the remainder when v(9) is divided by 15?
13
Suppose 0 = 4*a + 20, -8*s = -3*s + 3*a - 30. Calculate the remainder when ((-20)/(-8))/(1/10) is divided by s.
7
Suppose 0 = d - 9 - 13. Calculate the remainder when 64 is divided by d.
20
Suppose -2*h + 2*b + 11 = -3, -25 = 5*b. What is the remainder when 4 is divided by h/(-6)*(-4 - 2)?
0
Let y be 0/(-3) - (22 + -2). What is the remainder when 13 is divided by ((-2)/(-1))/((-8)/y)?
3
Let f = 90 + -81. What is the remainder when 42 is divided by f?
6
Suppose 0 = -11*i + 7*i + 40. Let c(v) = 2*v. What is the remainder when i is divided by c(3)?
4
Let x be 35 + 2/(-2 + 0). Let g = -23 + x. What is the remainder when g is divided by 6?
5
Let z = -2 - -8. What is the remainder when 3*(-15)/18*-4 is divided by (-4)/24 - (-25)/z?
2
Let f = -6 + 6. Suppose f = 2*y + 5*p - 75, -4*p - 30 - 140 = -3*y. Calculate the remainder when y is divided by 13.
11
Let j = 18 - 14. Suppose 0 = -k + j*k, -4*f + 40 = 3*k. What is the remainder when 27 is divided by f?
7
Let i = -7 + 9. Suppose g + i*g = 6. What is the remainder when 6 is divided by g?
0
Let h(s) = s. Let a be (1/(-4))/(2/(-8)). What is the remainder when 2 is divided by h(a)?
0
Let g = 114 - 85. What is the remainder when 258 is divided by g?
26
Suppose -3*y = -3*n - 45, -3*y + 0*n + 31 = 4*n. What is the remainder when 34 is divided by y?
8
Let t be (0 - 0/2)/2. Suppose t = -5*z + 37 + 43. Suppose -4*a + 16 + 4 = 0, 3*x = 5*a + 2. What is the remainder when z is divided by x?
7
Suppose 13 = 5*t + 2*d + d, -4 = -4*t + 4*d. What is the remainder when 6 is divided by t?
0
Let n(f) = f**3 + 8*f**2 - 4*f - 9. Let x be n(-6). Suppose -3*d + b = 174, -46 + 214 = -3*d - b. Let r = x + d. What is the remainder when r is divided by 11?
8
Let f be 12/14*35/(-5). Let k = 12 + f. Calculate the remainder when 10 is divided by k.
4
Let u(k) = 2*k**2 - 4. Calculate the remainder when 18 is divided by u(2).
2
Let f(o) = -o**2 - 8*o - 8. Let u be f(-6). Let a be ((-2)/u)/((-6)/48). Suppose 5*j - 15 = a*j. Calculate the remainder when 28 is divided by j.
13
What is the remainder when 2/(-4)*(-19 - -5) is divided by 4?
3
Let i = 3 - -15. What is the remainder when 35 is divided by (1*2)/(3/i)?
11
Let d(f) = -f**2 - 14*f + 6. Calculate the remainder when 93 is divided by d(-13).
17
Let t be 6/(-21) + (-36)/21. Suppose -4*n - 2*j + 35 + 11 = 0, -5*n + 57 = 3*j. Calculate the remainder when n is divided by t/1 - 1*-9.
5
Suppose -2*l + 150 = 5*k, 73 = 5*k + 5*l - 77. Calculate the remainder when 16 is divided by (-18)/(-5) - (-12)/k.
0
Let i be (-1 - 9/(-6))*4. Suppose i*g - 7*g + 135 = 0. Suppose 4*f = -y + 57, -31 = -0*f - 2*f - 3*y. What is the remainder when g is divided by f?
13
Suppose 5*i - 375 = -80. What is the remainder when i is divided by 12?
11
Let c be ((-5)/(15/(-126)))/1. Let r(g) = g**2 - 6*g - 13. What is the remainder when c + (-5)/(5/2) is divided by r(9)?
12
Suppose -a + 2 = -2*h + 3*a, 2*h + 2 = -2*a. Let z = -12 + 14. What is the remainder when h/3 - (-26)/6 is divided by z?
0
Suppose -7 = -0*x - x - v, 4*x - 3*v = 42. Let z be -15*(x/3 - 2). Let n = z + 24. What is the remainder when 26 is divided by n?
8
Let j(v) = -11*v**2 + v. Let f be j(-1). Suppose -5*k = -k, -3*i - 5*k = -66. What is the remainder when i is divided by f*(-3)/((-18)/(-4))?
6
Let h = -34 - -101. What is the remainder when h is divided by 15?
7
Let j = 16 - 24. Let w be (j/(-16))/(1/(-6)). What is the remainder when 45/((-18)/(-4) + w) is divided by 11?
8
Let l(v) be the second derivative of 0 - v + 1/2*v**2 + 1/4*v**4 + 2/3*v**3 - 1/20*v**5. What is the remainder when 1 is divided by l(4)?
0
Let s = -23 - -32. Calculate the remainder when 62 is divided by s.
8
Let m = 28 - 13. Calculate the remainder when 56 is divided by m.
11
Suppose -3*r + 75 = n, 4*n + 3*r - r = 320. What is the remainder when n is divided by 14?
11
Let v = 93 - 61. Let w(k) = 3 - 3 - 1 + 12*k**2. What is the remainder when v is divided by w(1)?
10
Let a(o) = o**3 - 2*o**2 - 1. What is the remainder when 31 is divided by a(3)?
7
Let v = 79 + 118. Calculate the remainder when v is divided by 20.
17
What is the remainder when 60 is divided by 165/10 + (-3)/(-12)*-2?
12
Let t(d) = 24*d**2 - 2*d - 1. Let h be (-4)/(-10) - 4/10. Let a = h + -1. What is the remainder when t(a) is divided by 9?
7
Let b = 13 + 13. What is the remainder when 63 is divided by b?
11
Suppose 5*g = 3*r + 11 - 29, 2*r = -4*g - 32. Let a be ((-4)/g)/((-1)/3). Calculate the remainder when (-6)/8*2*a is divided by 2.
1
Suppose 4*k - 92 + 40 = 0. Calculate the remainder when 76 is divided by k.
11
Suppose -11*c = -16*c + 30. Calculate the remainder when 64 is divided by c.
4
Let j = -8 - 39. Let k = -33 - j. Calculate the remainder when 55 is divided by k.
13
Let h(s) = -s**2 + 9*s - 6. Let b be h(6). Let z = 16 - b. What is the remainder when 10 is divided by z?
2
Suppose -5*i - 206 = -4*k, -2*k - 8 = -4*k. Suppose 2*t - 28 = 4*t. What is the remainder when 7 is divided by (-18)/(-63) + i/t?
1
Let i(l) = -l**3 - 8*l**2 - 5*l - 12. 